{"id":8,"date":"2021-04-26T15:43:53","date_gmt":"2021-04-26T15:43:53","guid":{"rendered":"https:\/\/www.subaruoutback.cz\/?page_id=8"},"modified":"2022-10-23T11:45:45","modified_gmt":"2022-10-23T11:45:45","slug":"subaru-outback","status":"publish","type":"page","link":"https:\/\/www.subaruoutback.cz\/","title":{"rendered":"NEJV\u011aT\u0160\u00cd V\u00ddB\u011aR SUBARU SKLADEM V \u010cR"},"content":{"rendered":"\n<figure class=\"wp-block-image size-large is-resized\"><img loading=\"lazy\" decoding=\"async\" src=\"https:\/\/www.subaruoutback.cz\/wp-content\/uploads\/2021\/05\/Outback3-1024x614.jpg\" alt=\"\" class=\"wp-image-422\" width=\"902\" height=\"541\" srcset=\"https:\/\/www.subaruoutback.cz\/wp-content\/uploads\/2021\/05\/Outback3-1024x614.jpg 1024w, https:\/\/www.subaruoutback.cz\/wp-content\/uploads\/2021\/05\/Outback3-300x180.jpg 300w, https:\/\/www.subaruoutback.cz\/wp-content\/uploads\/2021\/05\/Outback3-768x461.jpg 768w, https:\/\/www.subaruoutback.cz\/wp-content\/uploads\/2021\/05\/Outback3-1536x921.jpg 1536w, https:\/\/www.subaruoutback.cz\/wp-content\/uploads\/2021\/05\/Outback3-2048x1228.jpg 2048w\" sizes=\"auto, (max-width: 902px) 100vw, 902px\" \/><\/figure>\n\n\n\n<p>Spole\u010dnost\u00a0<strong><a href=\"http:\/\/eurocng.cz\" target=\"_blank\" rel=\"noopener\" title=\"EUROCNG s.r.o.\">EUROCNG s.r.o.<\/a>\u00a0<\/strong>dov\u00e1\u017e\u00ed osobn\u00ed i lehk\u00e1 n\u00e1kladn\u00ed vozidla ze \u0160v\u00e9dska. Specializujeme se zejm\u00e9na na nov\u00e9 a z\u00e1novn\u00ed vozy\u00a0<strong>Subaru<\/strong>, Mitsubishi a Volvo, ale um\u00edme uspokojit popt\u00e1vku i po jin\u00fdch zna\u010dk\u00e1ch.\u00a0<\/p>\n\n\n\n<p>Tento web slou\u017e\u00ed jako rozcestn\u00edk pro z\u00e1jemce o dovoz nov\u00e9ho modelu Subaru Outback. Naleznete zde technick\u00e9 parametry, soupis v\u00fdbav, fotky dov\u00e1\u017een\u00fdch model\u016f a samoz\u0159ejm\u011b odkazy do aktu\u00e1ln\u00ed nab\u00eddky. Skladem na showroomu v Praze dr\u017e\u00edme cca 40 r\u016fzn\u00fdch vozidel, dal\u0161\u00ed auta dovezeme na p\u0159\u00e1n\u00ed dle dostupnosti popt\u00e1van\u00e9ho modelu.<\/p>\n\n\n\n<p>V p\u0159\u00edpad\u011b konkr\u00e9tn\u00edho dotazu n\u00e1s nev\u00e1hejte <a data-type=\"URL\" data-id=\"https:\/\/www.subaruoutback.cz\/index.php\/kontakty\/\" href=\"https:\/\/www.subaruoutback.cz\/index.php\/kontakty\/\"><strong>kontaktovat.<\/strong><\/a><\/p>\n\n\n\n\n\n\n\n\n\n<figure class=\"wp-block-embed is-type-video is-provider-youtube wp-block-embed-youtube wp-embed-aspect-16-9 wp-has-aspect-ratio\"><div class=\"wp-block-embed__wrapper\">\n<div class=\"nv-iframe-embed\"><iframe loading=\"lazy\" title=\"Subaru Outback 2.5 ACTIVE AUT 2021 - nov\u00e9 auto\" width=\"1200\" height=\"675\" src=\"https:\/\/www.youtube.com\/embed\/M7Cm8FGZVAw?start=1&#038;feature=oembed\" frameborder=\"0\" allow=\"accelerometer; autoplay; clipboard-write; encrypted-media; gyroscope; picture-in-picture\" allowfullscreen><\/iframe><\/div>\n<\/div><\/figure>\n\n\n\n<!-- Google Tag Manager -->\n<script>(function(w,d,s,l,i){w[l]=w[l]||[];w[l].push({'gtm.start':\nnew Date().getTime(),event:'gtm.js'});var f=d.getElementsByTagName(s)[0],\nj=d.createElement(s),dl=l!='dataLayer'?'&l='+l:'';j.async=true;j.src=\n'https:\/\/www.googletagmanager.com\/gtm.js?id='+i+dl;f.parentNode.insertBefore(j,f);\n})(window,document,'script','dataLayer','GTM-53QHZDD');<\/script>\n<!-- End Google Tag Manager -->\n<!-- Google Tag Manager (noscript) -->\n<noscript><iframe loading=\"lazy\" src=\"https:\/\/www.googletagmanager.com\/ns.html?id=GTM-53QHZDD\" height=\"0\" width=\"0\" style=\"display:none;visibility:hidden\"><\/iframe><\/noscript>\n<!-- End Google Tag Manager (noscript) -->\n","protected":false},"excerpt":{"rendered":"<p>Spole\u010dnost\u00a0EUROCNG s.r.o.\u00a0dov\u00e1\u017e\u00ed osobn\u00ed i lehk\u00e1 n\u00e1kladn\u00ed vozidla ze \u0160v\u00e9dska. Specializujeme se zejm\u00e9na na nov\u00e9 a z\u00e1novn\u00ed vozy\u00a0Subaru, Mitsubishi a Volvo, ale um\u00edme uspokojit popt\u00e1vku i po jin\u00fdch zna\u010dk\u00e1ch.\u00a0 Tento web slou\u017e\u00ed jako rozcestn\u00edk pro z\u00e1jemce o dovoz nov\u00e9ho modelu Subaru Outback. Naleznete zde technick\u00e9 parametry, soupis v\u00fdbav, fotky dov\u00e1\u017een\u00fdch model\u016f a samoz\u0159ejm\u011b odkazy do aktu\u00e1ln\u00ed&hellip;&nbsp;<a href=\"https:\/\/www.subaruoutback.cz\/\" class=\"\" rel=\"bookmark\">\u010c\u00edst d\u00e1le &raquo;<span class=\"screen-reader-text\">NEJV\u011aT\u0160\u00cd V\u00ddB\u011aR SUBARU SKLADEM V \u010cR<\/span><\/a><\/p>\n","protected":false},"author":2,"featured_media":0,"parent":0,"menu_order":0,"comment_status":"closed","ping_status":"closed","template":"","meta":{"neve_meta_sidebar":"","neve_meta_container":"","neve_meta_enable_content_width":"","neve_meta_content_width":0,"neve_meta_title_alignment":"","neve_meta_author_avatar":"","neve_post_elements_order":"","neve_meta_disable_header":"","neve_meta_disable_footer":"","neve_meta_disable_title":"","footnotes":""},"class_list":["post-8","page","type-page","status-publish","hentry"],"_links":{"self":[{"href":"https:\/\/www.subaruoutback.cz\/index.php\/wp-json\/wp\/v2\/pages\/8","targetHints":{"allow":["GET"]}}],"collection":[{"href":"https:\/\/www.subaruoutback.cz\/index.php\/wp-json\/wp\/v2\/pages"}],"about":[{"href":"https:\/\/www.subaruoutback.cz\/index.php\/wp-json\/wp\/v2\/types\/page"}],"author":[{"embeddable":true,"href":"https:\/\/www.subaruoutback.cz\/index.php\/wp-json\/wp\/v2\/users\/2"}],"replies":[{"embeddable":true,"href":"https:\/\/www.subaruoutback.cz\/index.php\/wp-json\/wp\/v2\/comments?post=8"}],"version-history":[{"count":26,"href":"https:\/\/www.subaruoutback.cz\/index.php\/wp-json\/wp\/v2\/pages\/8\/revisions"}],"predecessor-version":[{"id":2271,"href":"https:\/\/www.subaruoutback.cz\/index.php\/wp-json\/wp\/v2\/pages\/8\/revisions\/2271"}],"wp:attachment":[{"href":"https:\/\/www.subaruoutback.cz\/index.php\/wp-json\/wp\/v2\/media?parent=8"}],"curies":[{"name":"wp","href":"https:\/\/api.w.org\/{rel}","templated":true}]}}

NEJVĚTŠÍ VÝBĚR SUBARU SKLADEM V ČR

<figure class="wp-block-image size-large is-resized"><img loading="lazy" decoding="async" src="https://www.subaruoutback.cz/wp-content/uploads/2021/05/Outback3-1024x614.jpg" alt="" class="wp-image-422" width="902" height="541" srcset="https://www.subaruoutback.cz/wp-content/uploads/2021/05/Outback3-1024x614.jpg 1024w, https://www.subaruoutback.cz/wp-content/uploads/2021/05/Outback3-300x180.jpg 300w, https://www.subaruoutback.cz/wp-content/uploads/2021/05/Outback3-768x461.jpg 768w, https://www.subaruoutback.cz/wp-content/uploads/2021/05/Outback3-1536x921.jpg 1536w, https://www.subaruoutback.cz/wp-content/uploads/2021/05/Outback3-2048x1228.jpg 2048w" sizes="auto, (max-width: 902px) 100vw, 902px" /></figure>



<p>Společnost <strong><a href="http://eurocng.cz" target="_blank" rel="noopener" title="EUROCNG s.r.o.">EUROCNG s.r.o.</a> </strong>dováží osobní i lehká nákladní vozidla ze Švédska. Specializujeme se zejména na nové a zánovní vozy <strong>Subaru</strong>, Mitsubishi a Volvo, ale umíme uspokojit poptávku i po jiných značkách. </p>



<p>Tento web slouží jako rozcestník pro zájemce o dovoz nového modelu Subaru Outback. Naleznete zde technické parametry, soupis výbav, fotky dovážených modelů a samozřejmě odkazy do aktuální nabídky. Skladem na showroomu v Praze držíme cca 40 různých vozidel, další auta dovezeme na přání dle dostupnosti poptávaného modelu.</p>



<p>V případě konkrétního dotazu nás neváhejte <a data-type="URL" data-id="https://www.subaruoutback.cz/index.php/kontakty/" href="https://www.subaruoutback.cz/index.php/kontakty/"><strong>kontaktovat.</strong></a></p>









<figure class="wp-block-embed is-type-video is-provider-youtube wp-block-embed-youtube wp-embed-aspect-16-9 wp-has-aspect-ratio"><div class="wp-block-embed__wrapper">
<div class="nv-iframe-embed"><iframe loading="lazy" title="Subaru Outback 2.5 ACTIVE AUT 2021 - nové auto" width="1200" height="675" src="https://www.youtube.com/embed/M7Cm8FGZVAw?start=1&#038;feature=oembed" frameborder="0" allow="accelerometer; autoplay; clipboard-write; encrypted-media; gyroscope; picture-in-picture" allowfullscreen></iframe></div>
</div></figure>



<!-- Google Tag Manager -->
<script>(function(w,d,s,l,i){w[l]=w[l]||[];w[l].push({'gtm.start':
new Date().getTime(),event:'gtm.js'});var f=d.getElementsByTagName(s)[0],
j=d.createElement(s),dl=l!='dataLayer'?'&l='+l:'';j.async=true;j.src=
'https://www.googletagmanager.com/gtm.js?id='+i+dl;f.parentNode.insertBefore(j,f);
})(window,document,'script','dataLayer','GTM-53QHZDD');</script>
<!-- End Google Tag Manager -->
<!-- Google Tag Manager (noscript) -->
<noscript><iframe loading="lazy" src="https://www.googletagmanager.com/ns.html?id=GTM-53QHZDD" height="0" width="0" style="display:none;visibility:hidden"></iframe></noscript>
<!-- End Google Tag Manager (noscript) -->

<p>Společnost EUROCNG s.r.o. dováží osobní i lehká nákladní vozidla ze Švédska. Specializujeme se zejména na nové a zánovní vozy Subaru, Mitsubishi a Volvo, ale umíme uspokojit poptávku i po jiných značkách.  Tento web slouží jako rozcestník pro zájemce o dovoz nového modelu Subaru Outback. Naleznete zde technické parametry, soupis výbav, fotky dovážených modelů a samozřejmě odkazy do aktuální&hellip;&nbsp;<a href="https://www.subaruoutback.cz/" class="" rel="bookmark">Číst dále &raquo;<span class="screen-reader-text">NEJVĚTŠÍ VÝBĚR SUBARU SKLADEM V ČR</span></a></p>
