{"id":45,"date":"2021-04-29T13:58:54","date_gmt":"2021-04-29T13:58:54","guid":{"rendered":"https:\/\/www.subaruoutback.cz\/?page_id=45"},"modified":"2021-05-08T09:46:44","modified_gmt":"2021-05-08T09:46:44","slug":"subaru-outback-ze-svedska","status":"publish","type":"page","link":"https:\/\/www.subaruoutback.cz\/index.php\/subaru-outback-ze-svedska\/","title":{"rendered":"Subaru Outback ze \u0160v\u00e9dska"},"content":{"rendered":"\n<figure class=\"wp-block-image size-large is-resized\"><img loading=\"lazy\" decoding=\"async\" src=\"https:\/\/www.subaruoutback.cz\/wp-content\/uploads\/2021\/05\/Outback10-1024x614.jpg\" alt=\"\" class=\"wp-image-425\" width=\"861\" height=\"516\" srcset=\"https:\/\/www.subaruoutback.cz\/wp-content\/uploads\/2021\/05\/Outback10-1024x614.jpg 1024w, https:\/\/www.subaruoutback.cz\/wp-content\/uploads\/2021\/05\/Outback10-300x180.jpg 300w, https:\/\/www.subaruoutback.cz\/wp-content\/uploads\/2021\/05\/Outback10-768x461.jpg 768w, https:\/\/www.subaruoutback.cz\/wp-content\/uploads\/2021\/05\/Outback10-1536x921.jpg 1536w, https:\/\/www.subaruoutback.cz\/wp-content\/uploads\/2021\/05\/Outback10-2048x1228.jpg 2048w\" sizes=\"auto, (max-width: 861px) 100vw, 861px\" \/><\/figure>\n\n\n\n<p>Subaru Outback se ve \u0160v\u00e9dsku prod\u00e1v\u00e1 ve \u010dty\u0159ech verz\u00edch. <\/p>\n\n\n\n<p>Z\u00e1kladem je verze <strong>ACTIVE <\/strong>s l\u00e1tkov\u00fdm \u010daloun\u011bn\u00edm.<br>Verze <strong>COMFORT+<\/strong> p\u0159\u00edn\u00e1\u0161\u00ed nav\u00edc navigaci, el. otev\u00edrateln\u00fd kufr a \u010dernou k\u016f\u017ei Nappa.<br>Nejv\u00edce vybaven\u00e1 verze <strong>TOURING <\/strong>p\u0159id\u00e1v\u00e1 nap\u0159 el. st\u0159e\u0161n\u00ed okno, HK audio syst\u00e9m, pam\u011b\u0165 seda\u010dky \u0159idi\u010de a dal\u0161\u00ed.<br>Specialitou je verze <strong>FIELD <\/strong>s vodoodpuzuj\u00edc\u00edm \u010daloun\u011bn\u00edm Star-Tex.<\/p>\n\n\n\n<p><a href=\"https:\/\/www.subaruoutback.cz\/index.php\/vybavy-subaru-outback\/\" data-type=\"URL\" data-id=\"https:\/\/www.subaruoutback.cz\/index.php\/vybavy-subaru-outback\/\"><strong>Kompletn\u00ed soupis v\u00fdbav ve \u0160v\u00e9dsku naleznete pod t\u00edmto odkazem.<\/strong><\/a><\/p>\n\n\n\n<p><strong>Subaru Outback ACTIVE, COMFORT+, TOURING<\/strong><\/p>\n\n\n\n<script src=\"https:\/\/scripts.sirv.com\/sirv.js\"><\/script>\n<div class=\"Sirv\" data-src=\"https:\/\/maxicek.sirv.com\/WP_www.subaruoutback.cz\/touring\/touring.spin\"><\/div>\n\n\n\n<p><strong>Subaru Outback FIELD<\/strong><\/p>\n\n\n\n<script src=\"https:\/\/scripts.sirv.com\/sirv.js\"><\/script>\n<div class=\"Sirv\" data-src=\"https:\/\/maxicek.sirv.com\/WP_www.subaruoutback.cz\/field\/Field.spin\"><\/div>\n","protected":false},"excerpt":{"rendered":"<p>Subaru Outback se ve \u0160v\u00e9dsku prod\u00e1v\u00e1 ve \u010dty\u0159ech verz\u00edch. Z\u00e1kladem je verze ACTIVE s l\u00e1tkov\u00fdm \u010daloun\u011bn\u00edm.Verze COMFORT+ p\u0159\u00edn\u00e1\u0161\u00ed nav\u00edc navigaci, el. otev\u00edrateln\u00fd kufr a \u010dernou k\u016f\u017ei Nappa.Nejv\u00edce vybaven\u00e1 verze TOURING p\u0159id\u00e1v\u00e1 nap\u0159 el. st\u0159e\u0161n\u00ed okno, HK audio syst\u00e9m, pam\u011b\u0165 seda\u010dky \u0159idi\u010de a dal\u0161\u00ed.Specialitou je verze FIELD s vodoodpuzuj\u00edc\u00edm \u010daloun\u011bn\u00edm Star-Tex. Kompletn\u00ed soupis v\u00fdbav ve \u0160v\u00e9dsku&hellip;&nbsp;<a href=\"https:\/\/www.subaruoutback.cz\/index.php\/subaru-outback-ze-svedska\/\" class=\"\" rel=\"bookmark\">\u010c\u00edst d\u00e1le &raquo;<span class=\"screen-reader-text\">Subaru Outback ze \u0160v\u00e9dska<\/span><\/a><\/p>\n","protected":false},"author":2,"featured_media":0,"parent":0,"menu_order":0,"comment_status":"closed","ping_status":"closed","template":"","meta":{"neve_meta_sidebar":"","neve_meta_container":"","neve_meta_enable_content_width":"","neve_meta_content_width":0,"neve_meta_title_alignment":"","neve_meta_author_avatar":"","neve_post_elements_order":"","neve_meta_disable_header":"","neve_meta_disable_footer":"","neve_meta_disable_title":"","footnotes":""},"class_list":["post-45","page","type-page","status-publish","hentry"],"_links":{"self":[{"href":"https:\/\/www.subaruoutback.cz\/index.php\/wp-json\/wp\/v2\/pages\/45","targetHints":{"allow":["GET"]}}],"collection":[{"href":"https:\/\/www.subaruoutback.cz\/index.php\/wp-json\/wp\/v2\/pages"}],"about":[{"href":"https:\/\/www.subaruoutback.cz\/index.php\/wp-json\/wp\/v2\/types\/page"}],"author":[{"embeddable":true,"href":"https:\/\/www.subaruoutback.cz\/index.php\/wp-json\/wp\/v2\/users\/2"}],"replies":[{"embeddable":true,"href":"https:\/\/www.subaruoutback.cz\/index.php\/wp-json\/wp\/v2\/comments?post=45"}],"version-history":[{"count":23,"href":"https:\/\/www.subaruoutback.cz\/index.php\/wp-json\/wp\/v2\/pages\/45\/revisions"}],"predecessor-version":[{"id":469,"href":"https:\/\/www.subaruoutback.cz\/index.php\/wp-json\/wp\/v2\/pages\/45\/revisions\/469"}],"wp:attachment":[{"href":"https:\/\/www.subaruoutback.cz\/index.php\/wp-json\/wp\/v2\/media?parent=45"}],"curies":[{"name":"wp","href":"https:\/\/api.w.org\/{rel}","templated":true}]}}